{"id":8899,"date":"2024-09-30T12:22:02","date_gmt":"2024-09-30T12:22:02","guid":{"rendered":"https:\/\/alt-edic.eu\/?page_id=8899"},"modified":"2024-12-02T23:39:58","modified_gmt":"2024-12-02T23:39:58","slug":"location","status":"publish","type":"page","link":"https:\/\/www.alt-edic.eu\/hu\/location\/","title":{"rendered":"<p>Elhelyezked\u00e9s<\/p>"},"content":{"rendered":"<div data-elementor-type=\"wp-page\" data-elementor-id=\"8899\" class=\"elementor elementor-8899\" data-elementor-post-type=\"page\">\n\t\t\t\t\t\t<section class=\"elementor-section elementor-top-section elementor-element elementor-element-6adc754c elementor-section-stretched elementor-section-boxed elementor-section-height-default elementor-section-height-default\" data-id=\"6adc754c\" data-element_type=\"section\" data-e-type=\"section\" data-settings='{\"stretch_section\":\"section-stretched\",\"background_background\":\"gradient\"}'>\n\t\t\t\t\t\t<div class=\"elementor-container elementor-column-gap-extended\">\n\t\t\t\t\t<div class=\"elementor-column elementor-col-50 elementor-top-column elementor-element elementor-element-6391e804\" data-id=\"6391e804\" data-element_type=\"column\" data-e-type=\"column\">\n\t\t\t<div class=\"elementor-widget-wrap elementor-element-populated\">\n\t\t\t\t\t\t<div class=\"elementor-element elementor-element-3a8297e9 elementor-widget elementor-widget-heading\" data-id=\"3a8297e9\" data-element_type=\"widget\" data-e-type=\"widget\" data-widget_type=\"heading.default\">\n\t\t\t\t<div class=\"elementor-widget-container\">\n\t\t\t\t\t<h1 class=\"elementor-heading-title elementor-size-default\">A Cit\u00e9 internationale de la langue fran\u00e7aise<\/h1>\t\t\t\t<\/div>\n\t\t\t\t<\/div>\n\t\t\t\t<div class=\"elementor-element elementor-element-269f5489 elementor-widget elementor-widget-text-editor\" data-id=\"269f5489\" data-element_type=\"widget\" data-e-type=\"widget\" data-widget_type=\"text-editor.default\">\n\t\t\t\t<div class=\"elementor-widget-container\">\n\t\t\t\t\t\t\t\t\t<p>A Nyelvtechnol\u00f3giai Sz\u00f6vets\u00e9g (ALT-EDIC) sz\u00e9khelye a <em>Sz\u00e1ll\u00e1shelyek Cit\u00e9 Internationale de la langue fran\u00e7aise k\u00f6zel\u00e9ben<\/em>, a v\u00e1ros t\u00f6rt\u00e9nelmi hely\u00e9n <em>Ch\u00e2teau de Villers-Cotter\u00eats<\/em>.<\/p>\t\t\t\t\t\t\t\t<\/div>\n\t\t\t\t<\/div>\n\t\t\t\t\t<\/div>\n\t\t<\/div>\n\t\t\t\t<div class=\"elementor-column elementor-col-50 elementor-top-column elementor-element elementor-element-187f0b7b elementor-hidden-tablet elementor-hidden-phone\" data-id=\"187f0b7b\" data-element_type=\"column\" data-e-type=\"column\">\n\t\t\t<div class=\"elementor-widget-wrap\">\n\t\t\t\t\t\t\t<\/div>\n\t\t<\/div>\n\t\t\t\t\t<\/div>\n\t\t<\/section>\n\t\t\t\t<section class=\"elementor-section elementor-top-section elementor-element elementor-element-4e4a44bc elementor-section-stretched elementor-section-boxed elementor-section-height-default elementor-section-height-default\" data-id=\"4e4a44bc\" data-element_type=\"section\" data-e-type=\"section\" data-settings='{\"stretch_section\":\"section-stretched\"}'>\n\t\t\t\t\t\t<div class=\"elementor-container elementor-column-gap-extended\">\n\t\t\t\t\t<div class=\"elementor-column elementor-col-50 elementor-top-column elementor-element elementor-element-228238ea elementor-hidden-phone elementor-invisible\" data-id=\"228238ea\" data-element_type=\"column\" data-e-type=\"column\" data-settings='{\"animation\":\"slide-right\"}'>\n\t\t\t<div class=\"elementor-widget-wrap elementor-element-populated\">\n\t\t\t\t\t\t<div class=\"elementor-element elementor-element-2e684e53 elementor-widget elementor-widget-image\" data-id=\"2e684e53\" data-element_type=\"widget\" data-e-type=\"widget\" data-widget_type=\"image.default\">\n\t\t\t\t<div class=\"elementor-widget-container\">\n\t\t\t\t\t\t\t\t\t\t\t\t\t\t\t<img fetchpriority=\"high\" decoding=\"async\" width=\"1920\" height=\"1440\" src=\"https:\/\/www.alt-edic.eu\/wp-content\/uploads\/2024\/10\/hd-chateau-de-villers-cotterets.jpg\" class=\"attachment-full size-full wp-image-9168\" alt=\"Villiers-kast\u00e9ly\" srcset=\"https:\/\/www.alt-edic.eu\/wp-content\/uploads\/2024\/10\/hd-chateau-de-villers-cotterets.jpg 1920w, https:\/\/www.alt-edic.eu\/wp-content\/uploads\/2024\/10\/hd-chateau-de-villers-cotterets-300x225.jpg 300w, https:\/\/www.alt-edic.eu\/wp-content\/uploads\/2024\/10\/hd-chateau-de-villers-cotterets-1024x768.jpg 1024w, https:\/\/www.alt-edic.eu\/wp-content\/uploads\/2024\/10\/hd-chateau-de-villers-cotterets-768x576.jpg 768w, https:\/\/www.alt-edic.eu\/wp-content\/uploads\/2024\/10\/hd-chateau-de-villers-cotterets-1536x1152.jpg 1536w, https:\/\/www.alt-edic.eu\/wp-content\/uploads\/2024\/10\/hd-chateau-de-villers-cotterets-16x12.jpg 16w\" sizes=\"(max-width: 1920px) 100vw, 1920px\">\t\t\t\t\t\t\t\t\t\t\t\t\t\t\t<\/div>\n\t\t\t\t<\/div>\n\t\t\t\t\t<\/div>\n\t\t<\/div>\n\t\t\t\t<div class=\"elementor-column elementor-col-50 elementor-top-column elementor-element elementor-element-53b13938 elementor-invisible\" data-id=\"53b13938\" data-element_type=\"column\" data-e-type=\"column\" data-settings='{\"animation\":\"slide-left\",\"animation_delay\":200}'>\n\t\t\t<div class=\"elementor-widget-wrap elementor-element-populated\">\n\t\t\t\t\t\t<div class=\"elementor-element elementor-element-1fa165a0 elementor-widget elementor-widget-text-editor\" data-id=\"1fa165a0\" data-element_type=\"widget\" data-e-type=\"widget\" data-widget_type=\"text-editor.default\">\n\t\t\t\t<div class=\"elementor-widget-container\">\n\t\t\t\t\t\t\t\t\t<p>A Francia K\u00f6zt\u00e1rsas\u00e1g eln\u00f6ke 2023. okt\u00f3ber 30-\u00e1n avatta fel <strong>Cit\u00e9<\/strong> a francia nyelvnek szentelt kultur\u00e1lis \u00e9s \u00e9l\u0151 k\u00f6zpont, amely kutat\u00e1si \u00e9s innov\u00e1ci\u00f3s amb\u00edci\u00f3kkal \u00e9s gazdag tev\u00e9kenys\u00e9gi programmal rendelkezik. Ez tal\u00e1lhat\u00f3 a <strong>Ch\u00e2teau de Villers-Cotter\u00eats<\/strong>, a francia nyelv t\u00f6rt\u00e9net\u00e9hez szorosan kapcsol\u00f3d\u00f3 t\u00f6rt\u00e9nelmi m\u0171eml\u00e9k, amelyet a k\u00f6zelm\u00faltban \u00faj\u00edtottak fel <strong>Centre des monuments nationaux (Nemzeti Eml\u00e9km\u0171vek K\u00f6zpontja).<\/strong> A Retz erd\u0151ben, Hauts-de-France Aisne r\u00e9gi\u00f3j\u00e1ban tal\u00e1lhat\u00f3, mind\u00f6ssze egy \u00f3r\u00e1nyira P\u00e1rizst\u00f3l t\u00f6megk\u00f6zleked\u00e9ssel.<\/p><p>A renesz\u00e1nsz \u00e9p\u00edt\u00e9szet remekm\u0171ve, a kast\u00e9lyt a francia kir\u00e1lyok kedvelt\u00e9k, mivel a XVI. sz\u00e1zadban Fran\u00e7ois 1er \u00e9p\u00edtette. Ott \u00edrta al\u00e1 1539 augusztus\u00e1ban a <strong>Villers-Cotter\u00eats-i rendelet<\/strong>, amely el\u0151\u00edrta a francia nyelv haszn\u00e1lat\u00e1t a kir\u00e1lys\u00e1g valamennyi jogi \u00e9s k\u00f6zigazgat\u00e1si aktus\u00e1ban. Ma ez a legr\u00e9gebbi jogi sz\u00f6veg, amely m\u00e9g mindig haszn\u00e1latban van Franciaorsz\u00e1gban.<\/p>\t\t\t\t\t\t\t\t<\/div>\n\t\t\t\t<\/div>\n\t\t\t\t\t<\/div>\n\t\t<\/div>\n\t\t\t\t\t<\/div>\n\t\t<\/section>\n\t\t\t\t<\/div>","protected":false},"excerpt":{"rendered":"<p>A Nyelvtechnol\u00f3giai Sz\u00f6vets\u00e9g (ALT-EDIC) sz\u00e9khelye a Cit\u00e9 Internationale de la langue fran\u00e7aise ter\u00fclet\u00e9n, a Ch\u00e2teau de Villers-Cotter\u00eats t\u00f6rt\u00e9nelmi hely\u00e9n tal\u00e1lhat\u00f3. 2023. okt\u00f3ber 30-\u00e1n a Francia K\u00f6zt\u00e1rsas\u00e1g eln\u00f6ke avatta fel a Cit\u00e9-t [\u2026]<\/p>","protected":false},"author":1,"featured_media":0,"parent":0,"menu_order":0,"comment_status":"closed","ping_status":"closed","template":"","meta":{"footnotes":""},"class_list":["post-8899","page","type-page","status-publish","hentry"],"aioseo_notices":[],"_links":{"self":[{"href":"https:\/\/www.alt-edic.eu\/hu\/wp-json\/wp\/v2\/pages\/8899","targetHints":{"allow":["GET"]}}],"collection":[{"href":"https:\/\/www.alt-edic.eu\/hu\/wp-json\/wp\/v2\/pages"}],"about":[{"href":"https:\/\/www.alt-edic.eu\/hu\/wp-json\/wp\/v2\/types\/page"}],"author":[{"embeddable":true,"href":"https:\/\/www.alt-edic.eu\/hu\/wp-json\/wp\/v2\/users\/1"}],"replies":[{"embeddable":true,"href":"https:\/\/www.alt-edic.eu\/hu\/wp-json\/wp\/v2\/comments?post=8899"}],"version-history":[{"count":0,"href":"https:\/\/www.alt-edic.eu\/hu\/wp-json\/wp\/v2\/pages\/8899\/revisions"}],"wp:attachment":[{"href":"https:\/\/www.alt-edic.eu\/hu\/wp-json\/wp\/v2\/media?parent=8899"}],"curies":[{"name":"wp","href":"https:\/\/api.w.org\/{rel}","templated":true}]}}

<p>Elhelyezkedés</p>

<div data-elementor-type="wp-page" data-elementor-id="8899" class="elementor elementor-8899" data-elementor-post-type="page">
						<section class="elementor-section elementor-top-section elementor-element elementor-element-6adc754c elementor-section-stretched elementor-section-boxed elementor-section-height-default elementor-section-height-default" data-id="6adc754c" data-element_type="section" data-e-type="section" data-settings='{"stretch_section":"section-stretched","background_background":"gradient"}'>
						<div class="elementor-container elementor-column-gap-extended">
					<div class="elementor-column elementor-col-50 elementor-top-column elementor-element elementor-element-6391e804" data-id="6391e804" data-element_type="column" data-e-type="column">
			<div class="elementor-widget-wrap elementor-element-populated">
						<div class="elementor-element elementor-element-3a8297e9 elementor-widget elementor-widget-heading" data-id="3a8297e9" data-element_type="widget" data-e-type="widget" data-widget_type="heading.default">
				<div class="elementor-widget-container">
					<h1 class="elementor-heading-title elementor-size-default">A Cité internationale de la langue française</h1>				</div>
				</div>
				<div class="elementor-element elementor-element-269f5489 elementor-widget elementor-widget-text-editor" data-id="269f5489" data-element_type="widget" data-e-type="widget" data-widget_type="text-editor.default">
				<div class="elementor-widget-container">
									<p>A Nyelvtechnológiai Szövetség (ALT-EDIC) székhelye a <em>Szálláshelyek Cité Internationale de la langue française közelében</em>, a város történelmi helyén <em>Château de Villers-Cotterêts</em>.</p>								</div>
				</div>
					</div>
		</div>
				<div class="elementor-column elementor-col-50 elementor-top-column elementor-element elementor-element-187f0b7b elementor-hidden-tablet elementor-hidden-phone" data-id="187f0b7b" data-element_type="column" data-e-type="column">
			<div class="elementor-widget-wrap">
							</div>
		</div>
					</div>
		</section>
				<section class="elementor-section elementor-top-section elementor-element elementor-element-4e4a44bc elementor-section-stretched elementor-section-boxed elementor-section-height-default elementor-section-height-default" data-id="4e4a44bc" data-element_type="section" data-e-type="section" data-settings='{"stretch_section":"section-stretched"}'>
						<div class="elementor-container elementor-column-gap-extended">
					<div class="elementor-column elementor-col-50 elementor-top-column elementor-element elementor-element-228238ea elementor-hidden-phone elementor-invisible" data-id="228238ea" data-element_type="column" data-e-type="column" data-settings='{"animation":"slide-right"}'>
			<div class="elementor-widget-wrap elementor-element-populated">
						<div class="elementor-element elementor-element-2e684e53 elementor-widget elementor-widget-image" data-id="2e684e53" data-element_type="widget" data-e-type="widget" data-widget_type="image.default">
				<div class="elementor-widget-container">
															<img fetchpriority="high" decoding="async" width="1920" height="1440" src="https://www.alt-edic.eu/wp-content/uploads/2024/10/hd-chateau-de-villers-cotterets.jpg" class="attachment-full size-full wp-image-9168" alt="Villiers-kastély" srcset="https://www.alt-edic.eu/wp-content/uploads/2024/10/hd-chateau-de-villers-cotterets.jpg 1920w, https://www.alt-edic.eu/wp-content/uploads/2024/10/hd-chateau-de-villers-cotterets-300x225.jpg 300w, https://www.alt-edic.eu/wp-content/uploads/2024/10/hd-chateau-de-villers-cotterets-1024x768.jpg 1024w, https://www.alt-edic.eu/wp-content/uploads/2024/10/hd-chateau-de-villers-cotterets-768x576.jpg 768w, https://www.alt-edic.eu/wp-content/uploads/2024/10/hd-chateau-de-villers-cotterets-1536x1152.jpg 1536w, https://www.alt-edic.eu/wp-content/uploads/2024/10/hd-chateau-de-villers-cotterets-16x12.jpg 16w" sizes="(max-width: 1920px) 100vw, 1920px">															</div>
				</div>
					</div>
		</div>
				<div class="elementor-column elementor-col-50 elementor-top-column elementor-element elementor-element-53b13938 elementor-invisible" data-id="53b13938" data-element_type="column" data-e-type="column" data-settings='{"animation":"slide-left","animation_delay":200}'>
			<div class="elementor-widget-wrap elementor-element-populated">
						<div class="elementor-element elementor-element-1fa165a0 elementor-widget elementor-widget-text-editor" data-id="1fa165a0" data-element_type="widget" data-e-type="widget" data-widget_type="text-editor.default">
				<div class="elementor-widget-container">
									<p>A Francia Köztársaság elnöke 2023. október 30-án avatta fel <strong>Cité</strong> a francia nyelvnek szentelt kulturális és élő központ, amely kutatási és innovációs ambíciókkal és gazdag tevékenységi programmal rendelkezik. Ez található a <strong>Château de Villers-Cotterêts</strong>, a francia nyelv történetéhez szorosan kapcsolódó történelmi műemlék, amelyet a közelmúltban újítottak fel <strong>Centre des monuments nationaux (Nemzeti Emlékművek Központja).</strong> A Retz erdőben, Hauts-de-France Aisne régiójában található, mindössze egy órányira Párizstól tömegközlekedéssel.</p><p>A reneszánsz építészet remekműve, a kastélyt a francia királyok kedvelték, mivel a XVI. században François 1er építette. Ott írta alá 1539 augusztusában a <strong>Villers-Cotterêts-i rendelet</strong>, amely előírta a francia nyelv használatát a királyság valamennyi jogi és közigazgatási aktusában. Ma ez a legrégebbi jogi szöveg, amely még mindig használatban van Franciaországban.</p>								</div>
				</div>
					</div>
		</div>
					</div>
		</section>
				</div>

<p>A Nyelvtechnológiai Szövetség (ALT-EDIC) székhelye a Cité Internationale de la langue française területén, a Château de Villers-Cotterêts történelmi helyén található. 2023. október 30-án a Francia Köztársaság elnöke avatta fel a Cité-t […]</p>
