{"id":8735,"date":"2024-08-19T13:30:19","date_gmt":"2024-08-19T13:30:19","guid":{"rendered":"https:\/\/alt-edic.eu\/?page_id=8735"},"modified":"2026-04-10T17:00:24","modified_gmt":"2026-04-10T16:00:24","slug":"about-us","status":"publish","type":"page","link":"http:\/\/www.alt-edic.eu\/ro\/about-us\/","title":{"rendered":"<p>Despre noi<\/p>"},"content":{"rendered":"<div data-elementor-type=\"wp-page\" data-elementor-id=\"8735\" class=\"elementor elementor-8735\" data-elementor-post-type=\"page\">\n\t\t\t\t\t\t<section class=\"elementor-section elementor-top-section elementor-element elementor-element-2c377f48 elementor-section-stretched elementor-section-boxed elementor-section-height-default elementor-section-height-default\" data-id=\"2c377f48\" data-element_type=\"section\" data-e-type=\"section\" data-settings='{\"stretch_section\":\"section-stretched\",\"background_background\":\"gradient\"}'>\n\t\t\t\t\t\t<div class=\"elementor-container elementor-column-gap-extended\">\n\t\t\t\t\t<div class=\"elementor-column elementor-col-50 elementor-top-column elementor-element elementor-element-bf7721c\" data-id=\"bf7721c\" data-element_type=\"column\" data-e-type=\"column\">\n\t\t\t<div class=\"elementor-widget-wrap elementor-element-populated\">\n\t\t\t\t\t\t<div class=\"elementor-element elementor-element-d07f81e elementor-widget elementor-widget-heading\" data-id=\"d07f81e\" data-element_type=\"widget\" data-e-type=\"widget\" data-widget_type=\"heading.default\">\n\t\t\t\t<div class=\"elementor-widget-container\">\n\t\t\t\t\t<h1 class=\"elementor-heading-title elementor-size-default\">Despre ALT-EDIC<\/h1>\t\t\t\t<\/div>\n\t\t\t\t<\/div>\n\t\t\t\t<div class=\"elementor-element elementor-element-24e9f9f3 elementor-widget elementor-widget-text-editor\" data-id=\"24e9f9f3\" data-element_type=\"widget\" data-e-type=\"widget\" data-widget_type=\"text-editor.default\">\n\t\t\t\t<div class=\"elementor-widget-container\">\n\t\t\t\t\t\t\t\t\t<p>Alian\u021ba pentru Tehnologii Lingvistice (ALT-EDIC) <strong><span style=\"text-decoration: underline; color: #ffffff;\"><a style=\"color: #ffffff; text-decoration: underline;\" href=\"https:\/\/digital-strategy.ec.europa.eu\/en\/policies\/edic\">Consor\u021biul pentru o infrastructur\u0103 digital\u0103 european\u0103<\/a><\/span><\/strong> sprijinirea dezvolt\u0103rii tehnologiilor lingvistice. Promoveaz\u0103 excelen\u021ba \u00een tehnologiile lingvistice \u0219i contribuie la conservarea diversit\u0103\u021bii lingvistice \u0219i a bog\u0103\u021biei culturale a Europei.<\/p><p>Acesta a fost propus de 10 state membre \u00een decembrie 2023 \u0219i creat oficial de un<strong> <span style=\"text-decoration: underline;\"><span style=\"color: #ffffff;\"><a style=\"color: #ffffff; text-decoration: underline;\" href=\"https:\/\/eur-lex.europa.eu\/eli\/dec_impl\/2024\/458\/oj\">Decizia Comisiei<\/a><\/span><\/span> <\/strong>\u00een februarie 2024. \u00cen prezent, acesta reune\u0219te 27 de membri \u0219i observatori. Acesta este coordonat de Fran\u021ba, iar sediul s\u0103u statutar este situat \u00een situl istoric al <em>Castelul Villers-Cotter\u00eats<\/em>.<\/p><p>O prezentare care ofer\u0103 o imagine de ansamblu a ALT-EDIC poate fi desc\u0103rcat\u0103&nbsp;<u><b><a href=\"https:\/\/www.alt-edic.eu\/wp-content\/uploads\/2026\/03\/ALT-EDIC_presentation_20260307.pdf\">aici<\/a><\/b><\/u><b>.<\/b>&nbsp;<\/p>\t\t\t\t\t\t\t\t<\/div>\n\t\t\t\t<\/div>\n\t\t\t\t\t<\/div>\n\t\t<\/div>\n\t\t\t\t<div class=\"elementor-column elementor-col-50 elementor-top-column elementor-element elementor-element-17328b68 elementor-hidden-tablet elementor-hidden-phone\" data-id=\"17328b68\" data-element_type=\"column\" data-e-type=\"column\">\n\t\t\t<div class=\"elementor-widget-wrap\">\n\t\t\t\t\t\t\t<\/div>\n\t\t<\/div>\n\t\t\t\t\t<\/div>\n\t\t<\/section>\n\t\t\t\t<section class=\"elementor-section elementor-top-section elementor-element elementor-element-5084f662 elementor-section-stretched elementor-section-boxed elementor-section-height-default elementor-section-height-default\" data-id=\"5084f662\" data-element_type=\"section\" data-e-type=\"section\" data-settings='{\"stretch_section\":\"section-stretched\"}'>\n\t\t\t\t\t\t<div class=\"elementor-container elementor-column-gap-extended\">\n\t\t\t\t\t<div class=\"elementor-column elementor-col-50 elementor-top-column elementor-element elementor-element-21db52d3 elementor-hidden-tablet elementor-hidden-phone elementor-invisible\" data-id=\"21db52d3\" data-element_type=\"column\" data-e-type=\"column\" data-settings='{\"animation\":\"slide-right\"}'>\n\t\t\t<div class=\"elementor-widget-wrap elementor-element-populated\">\n\t\t\t\t\t\t<div class=\"elementor-element elementor-element-4ef5943 elementor-widget elementor-widget-html\" data-id=\"4ef5943\" data-element_type=\"widget\" data-e-type=\"widget\" data-widget_type=\"html.default\">\n\t\t\t\t<div class=\"elementor-widget-container\">\n\t\t\t\t\t<object data=\"https:\/\/www.alt-edic.eu\/wp-content\/uploads\/2026\/04\/ALT-EDIC-Flyer-v1-A4.pdf\" type=\"application\/pdf\" width=\"720px\" height=\"680px\"> <\/object>\t\t\t\t<\/div>\n\t\t\t\t<\/div>\n\t\t\t\t\t<\/div>\n\t\t<\/div>\n\t\t\t\t<div class=\"elementor-column elementor-col-50 elementor-top-column elementor-element elementor-element-5f3d7e93 elementor-invisible\" data-id=\"5f3d7e93\" data-element_type=\"column\" data-e-type=\"column\" data-settings='{\"animation\":\"slide-left\",\"animation_delay\":200}'>\n\t\t\t<div class=\"elementor-widget-wrap elementor-element-populated\">\n\t\t\t\t\t\t<div class=\"elementor-element elementor-element-6f5ba8cd elementor-widget elementor-widget-heading\" data-id=\"6f5ba8cd\" data-element_type=\"widget\" data-e-type=\"widget\" data-widget_type=\"heading.default\">\n\t\t\t\t<div class=\"elementor-widget-container\">\n\t\t\t\t\t<h2 class=\"elementor-heading-title elementor-size-default\">ALT-EDIC sprijin\u0103 dezvoltarea tehnologiilor lingvistice<\/h2>\t\t\t\t<\/div>\n\t\t\t\t<\/div>\n\t\t\t\t<div class=\"elementor-element elementor-element-525183b7 elementor-widget elementor-widget-text-editor\" data-id=\"525183b7\" data-element_type=\"widget\" data-e-type=\"widget\" data-widget_type=\"text-editor.default\">\n\t\t\t\t<div class=\"elementor-widget-container\">\n\t\t\t\t\t\t\t\t\t<p>Alian\u021ba pentru tehnologii lingvistice abordeaz\u0103 deficitul de date lingvistice europene disponibile pentru formarea de modele lingvistice de mari dimensiuni (LLM) \u0219i de analize comparative pentru astfel de modele.<\/p><p>Acest lucru va conduce la solu\u021bii \u00eembun\u0103t\u0103\u021bite de inteligen\u021b\u0103 artificial\u0103 (IA) capabile s\u0103 \u00een\u021beleag\u0103 \u0219i s\u0103 genereze limbaj, \u021bin\u00e2nd seama de diversitatea lingvistic\u0103 \u0219i de bog\u0103\u021bia cultural\u0103 a Europei.<\/p>\t\t\t\t\t\t\t\t<\/div>\n\t\t\t\t<\/div>\n\t\t\t\t\t<\/div>\n\t\t<\/div>\n\t\t\t\t\t<\/div>\n\t\t<\/section>\n\t\t\t\t<section class=\"elementor-section elementor-top-section elementor-element elementor-element-245ad23 elementor-section-stretched elementor-section-boxed elementor-section-height-default elementor-section-height-default elementor-invisible\" data-id=\"245ad23\" data-element_type=\"section\" data-e-type=\"section\" data-settings='{\"stretch_section\":\"section-stretched\",\"animation\":\"slide-up\"}'>\n\t\t\t\t\t\t<div class=\"elementor-container elementor-column-gap-extended\">\n\t\t\t\t\t<div class=\"elementor-column elementor-col-100 elementor-top-column elementor-element elementor-element-6381d6cd\" data-id=\"6381d6cd\" data-element_type=\"column\" data-e-type=\"column\">\n\t\t\t<div class=\"elementor-widget-wrap elementor-element-populated\">\n\t\t\t\t\t\t<div class=\"elementor-element elementor-element-6107c70 elementor-widget elementor-widget-heading\" data-id=\"6107c70\" data-element_type=\"widget\" data-e-type=\"widget\" data-widget_type=\"heading.default\">\n\t\t\t\t<div class=\"elementor-widget-container\">\n\t\t\t\t\t<h2 class=\"elementor-heading-title elementor-size-default\">Misiunea ALT-EDIC se concentreaz\u0103 pe urm\u0103toarele cinci ac\u021biuni:<\/h2>\t\t\t\t<\/div>\n\t\t\t\t<\/div>\n\t\t\t\t<div class=\"elementor-element elementor-element-6b8ccd5c elementor-widget elementor-widget-apus_element_features_box\" data-id=\"6b8ccd5c\" data-element_type=\"widget\" data-e-type=\"widget\" data-widget_type=\"apus_element_features_box.default\">\n\t\t\t\t<div class=\"elementor-widget-container\">\n\t\t\t\t\t            <div class=\"widget-features-box  style2\">\n                                    <div class=\"slick-carousel\" data-items=\"3\" data-smallmedium=\"2\" data-extrasmall=\"1\" data-pagination=\"false\" data-nav=\"true\">\n                                                    <div class=\"item\">\n                                <div class=\"item-inner\">\n                                    <div class=\"top-inner\">\n                                                                                <div class=\"features-box-image icon\"><i class=\"fa fa-database\"><\/i><\/div><\/div><div class=\"features-box-content\"><h3 class=\"title\">Ac\u021biunea 1 - Date<\/h3><div class=\"description\">ALT-EDIC va valorifica spa\u021biul de date lingvistice \u0219i va reuni resursele lingvistice \u0219i multimodale existente din UE \u0219i din statele membre \u00een toate limbile europene, na\u021bionale \u0219i regionale, inclusiv prin crearea de date strategice, cum ar fi pentru limbile cu pu\u021bini vorbitori (mai pu\u021bin de 10 milioane de vorbitori), \u00een care exist\u0103 limit\u0103ri inerente \u00een ceea ce prive\u0219te formarea de modele lingvistice mari (LLM).<\/div><\/div>\n                                <\/div>\n                            <\/div>\n                                                    <div class=\"item\">\n                                <div class=\"item-inner\">\n                                    <div class=\"top-inner\">\n                                                                                <div class=\"features-box-image icon\"><i class=\"fa fa-caret-right\"><\/i><\/div><\/div><div class=\"features-box-content\"><h3 class=\"title\">Ac\u021biunea 2 ? Modele existente<\/h3><div class=\"description\">ALT-EDIC va crea un registru al modelelor lingvistice cu surs\u0103 deschis\u0103 existente pentru reutilizare de c\u0103tre actorii industriali \u0219i va elabora metode specifice de ajustare, \u00een special pentru IMM-uri, \u0219i va oferi metodologii de evaluare, certificare \u0219i normalizare, cu un accent deosebit pe poten\u021biala discriminare \u0219i p\u0103rtinire introduse de modelele de prelucrare a limbajului natural (NLP).<\/div><\/div>\n                                <\/div>\n                            <\/div>\n                                                    <div class=\"item\">\n                                <div class=\"item-inner\">\n                                    <div class=\"top-inner\">\n                                                                                <div class=\"features-box-image icon\"><i class=\"ti-fullscreen\"><\/i><\/div><\/div><div class=\"features-box-content\"><h3 class=\"title\">Ac\u021biunea 3 ? Dezvoltarea modelelor<\/h3><div class=\"description\">ALT-EDIC va ac\u021biona ca un fond comun de lansare, reunind resurse publice \u0219i private pentru a lansa \u0219i dezvolta noi proiecte de modele lingvistice de mari dimensiuni \u0219i modele de baz\u0103 cu capacit\u0103\u021bi multimodale, inclusiv prin asigurarea accesului la calculul european de \u00eenalt\u0103 performan\u021b\u0103 necesar.<\/div><\/div>\n                                <\/div>\n                            <\/div>\n                                                    <div class=\"item\">\n                                <div class=\"item-inner\">\n                                    <div class=\"top-inner\">\n                                                                                <div class=\"features-box-image icon\"><i class=\"ti-layout-list-thumb-alt\"><\/i><\/div><\/div><div class=\"features-box-content\"><h3 class=\"title\">Ac\u021biunea 4 ? Evaluare, certificare \u0219i normalizare<\/h3><div class=\"description\">ALT-EDIC va contribui la dezvoltarea metodologiilor de evaluare, cu un accent deosebit pe poten\u021biala discriminare \u0219i p\u0103rtinire introduse de modelele NLP, precum \u0219i pentru a oferi sprijin specific institu\u021biilor pentru a investi \u00een tehnologiile limbajului.<\/div><\/div>\n                                <\/div>\n                            <\/div>\n                                                    <div class=\"item\">\n                                <div class=\"item-inner\">\n                                    <div class=\"top-inner\">\n                                                                                <div class=\"features-box-image icon\"><i class=\"fa fa-link\"><\/i><\/div><\/div><div class=\"features-box-content\"><h3 class=\"title\">Ac\u021biunea 5 - Ecosistemul<\/h3><div class=\"description\">ALT-EDIC va ac\u021biona ca punct consultativ pentru administra\u021biile publice, precum \u0219i pentru a ajunge la public printr-un program cultural bazat pe inteligen\u021ba artificial\u0103 pentru limbi \u0219i pentru a permite utilizatorilor finali ai tehnologiei limbajului, care sunt \u0219i produc\u0103tori de date, s\u0103 abordeze provoc\u0103rile inteligen\u021bei artificiale \u0219i ale tehnologiilor lingvistice \u00eentr-un context multilingv \u0219i s\u0103 contribuie la iluminarea cet\u0103\u021benilor europeni cu privire la chestiunea inteligen\u021bei artificiale.<\/div><\/div>\n                                <\/div>\n                            <\/div>\n                                            <\/div>\n                            <\/div>\n            \t\t\t\t<\/div>\n\t\t\t\t<\/div>\n\t\t\t\t\t<\/div>\n\t\t<\/div>\n\t\t\t\t\t<\/div>\n\t\t<\/section>\n\t\t\t\t<\/div>","protected":false},"excerpt":{"rendered":"<p>Alian\u021ba pentru Tehnologii Lingvistice (ALT-EDIC) este un consor\u021biu pentru o infrastructur\u0103 digital\u0103 european\u0103 care sprijin\u0103 dezvoltarea tehnologiilor lingvistice. Promoveaz\u0103 excelen\u021ba \u00een tehnologiile lingvistice \u0219i contribuie la conservarea diversit\u0103\u021bii lingvistice \u0219i a bog\u0103\u021biei culturale a Europei. Acesta a fost propus de 10 state membre \u00een decembrie 2023 \u0219i creat oficial de o Comisie [\u2026]<\/p>","protected":false},"author":1,"featured_media":0,"parent":0,"menu_order":0,"comment_status":"closed","ping_status":"closed","template":"","meta":{"footnotes":""},"class_list":["post-8735","page","type-page","status-publish","hentry"],"aioseo_notices":[],"_links":{"self":[{"href":"http:\/\/www.alt-edic.eu\/ro\/wp-json\/wp\/v2\/pages\/8735","targetHints":{"allow":["GET"]}}],"collection":[{"href":"http:\/\/www.alt-edic.eu\/ro\/wp-json\/wp\/v2\/pages"}],"about":[{"href":"http:\/\/www.alt-edic.eu\/ro\/wp-json\/wp\/v2\/types\/page"}],"author":[{"embeddable":true,"href":"http:\/\/www.alt-edic.eu\/ro\/wp-json\/wp\/v2\/users\/1"}],"replies":[{"embeddable":true,"href":"http:\/\/www.alt-edic.eu\/ro\/wp-json\/wp\/v2\/comments?post=8735"}],"version-history":[{"count":16,"href":"http:\/\/www.alt-edic.eu\/ro\/wp-json\/wp\/v2\/pages\/8735\/revisions"}],"predecessor-version":[{"id":11353,"href":"http:\/\/www.alt-edic.eu\/ro\/wp-json\/wp\/v2\/pages\/8735\/revisions\/11353"}],"wp:attachment":[{"href":"http:\/\/www.alt-edic.eu\/ro\/wp-json\/wp\/v2\/media?parent=8735"}],"curies":[{"name":"wp","href":"https:\/\/api.w.org\/{rel}","templated":true}]}}

<div data-elementor-type="wp-page" data-elementor-id="8735" class="elementor elementor-8735" data-elementor-post-type="page">
						<section class="elementor-section elementor-top-section elementor-element elementor-element-2c377f48 elementor-section-stretched elementor-section-boxed elementor-section-height-default elementor-section-height-default" data-id="2c377f48" data-element_type="section" data-e-type="section" data-settings='{"stretch_section":"section-stretched","background_background":"gradient"}'>
						<div class="elementor-container elementor-column-gap-extended">
					<div class="elementor-column elementor-col-50 elementor-top-column elementor-element elementor-element-bf7721c" data-id="bf7721c" data-element_type="column" data-e-type="column">
			<div class="elementor-widget-wrap elementor-element-populated">
						<div class="elementor-element elementor-element-d07f81e elementor-widget elementor-widget-heading" data-id="d07f81e" data-element_type="widget" data-e-type="widget" data-widget_type="heading.default">
				<div class="elementor-widget-container">
					<h1 class="elementor-heading-title elementor-size-default">Despre ALT-EDIC</h1>				</div>
				</div>
				<div class="elementor-element elementor-element-24e9f9f3 elementor-widget elementor-widget-text-editor" data-id="24e9f9f3" data-element_type="widget" data-e-type="widget" data-widget_type="text-editor.default">
				<div class="elementor-widget-container">
									<p>Alianța pentru Tehnologii Lingvistice (ALT-EDIC) <strong><span style="text-decoration: underline; color: #ffffff;"><a style="color: #ffffff; text-decoration: underline;" href="https://digital-strategy.ec.europa.eu/en/policies/edic">Consorțiul pentru o infrastructură digitală europeană</a></span></strong> sprijinirea dezvoltării tehnologiilor lingvistice. Promovează excelența în tehnologiile lingvistice și contribuie la conservarea diversității lingvistice și a bogăției culturale a Europei.</p><p>Acesta a fost propus de 10 state membre în decembrie 2023 și creat oficial de un<strong> <span style="text-decoration: underline;"><span style="color: #ffffff;"><a style="color: #ffffff; text-decoration: underline;" href="https://eur-lex.europa.eu/eli/dec_impl/2024/458/oj">Decizia Comisiei</a></span></span> </strong>în februarie 2024. În prezent, acesta reunește 27 de membri și observatori. Acesta este coordonat de Franța, iar sediul său statutar este situat în situl istoric al <em>Castelul Villers-Cotterêts</em>.</p><p>O prezentare care oferă o imagine de ansamblu a ALT-EDIC poate fi descărcată&nbsp;<u><b><a href="https://www.alt-edic.eu/wp-content/uploads/2026/03/ALT-EDIC_presentation_20260307.pdf">aici</a></b></u><b>.</b>&nbsp;</p>								</div>
				</div>
					</div>
		</div>
				<div class="elementor-column elementor-col-50 elementor-top-column elementor-element elementor-element-17328b68 elementor-hidden-tablet elementor-hidden-phone" data-id="17328b68" data-element_type="column" data-e-type="column">
			<div class="elementor-widget-wrap">
							</div>
		</div>
					</div>
		</section>
				<section class="elementor-section elementor-top-section elementor-element elementor-element-5084f662 elementor-section-stretched elementor-section-boxed elementor-section-height-default elementor-section-height-default" data-id="5084f662" data-element_type="section" data-e-type="section" data-settings='{"stretch_section":"section-stretched"}'>
						<div class="elementor-container elementor-column-gap-extended">
					<div class="elementor-column elementor-col-50 elementor-top-column elementor-element elementor-element-21db52d3 elementor-hidden-tablet elementor-hidden-phone elementor-invisible" data-id="21db52d3" data-element_type="column" data-e-type="column" data-settings='{"animation":"slide-right"}'>
			<div class="elementor-widget-wrap elementor-element-populated">
						<div class="elementor-element elementor-element-4ef5943 elementor-widget elementor-widget-html" data-id="4ef5943" data-element_type="widget" data-e-type="widget" data-widget_type="html.default">
				<div class="elementor-widget-container">
					<object data="https://www.alt-edic.eu/wp-content/uploads/2026/04/ALT-EDIC-Flyer-v1-A4.pdf" type="application/pdf" width="720px" height="680px"> </object>				</div>
				</div>
					</div>
		</div>
				<div class="elementor-column elementor-col-50 elementor-top-column elementor-element elementor-element-5f3d7e93 elementor-invisible" data-id="5f3d7e93" data-element_type="column" data-e-type="column" data-settings='{"animation":"slide-left","animation_delay":200}'>
			<div class="elementor-widget-wrap elementor-element-populated">
						<div class="elementor-element elementor-element-6f5ba8cd elementor-widget elementor-widget-heading" data-id="6f5ba8cd" data-element_type="widget" data-e-type="widget" data-widget_type="heading.default">
				<div class="elementor-widget-container">
					<h2 class="elementor-heading-title elementor-size-default">ALT-EDIC sprijină dezvoltarea tehnologiilor lingvistice</h2>				</div>
				</div>
				<div class="elementor-element elementor-element-525183b7 elementor-widget elementor-widget-text-editor" data-id="525183b7" data-element_type="widget" data-e-type="widget" data-widget_type="text-editor.default">
				<div class="elementor-widget-container">
									<p>Alianța pentru tehnologii lingvistice abordează deficitul de date lingvistice europene disponibile pentru formarea de modele lingvistice de mari dimensiuni (LLM) și de analize comparative pentru astfel de modele.</p><p>Acest lucru va conduce la soluții îmbunătățite de inteligență artificială (IA) capabile să înțeleagă și să genereze limbaj, ținând seama de diversitatea lingvistică și de bogăția culturală a Europei.</p>								</div>
				</div>
					</div>
		</div>
					</div>
		</section>
				<section class="elementor-section elementor-top-section elementor-element elementor-element-245ad23 elementor-section-stretched elementor-section-boxed elementor-section-height-default elementor-section-height-default elementor-invisible" data-id="245ad23" data-element_type="section" data-e-type="section" data-settings='{"stretch_section":"section-stretched","animation":"slide-up"}'>
						<div class="elementor-container elementor-column-gap-extended">
					<div class="elementor-column elementor-col-100 elementor-top-column elementor-element elementor-element-6381d6cd" data-id="6381d6cd" data-element_type="column" data-e-type="column">
			<div class="elementor-widget-wrap elementor-element-populated">
						<div class="elementor-element elementor-element-6107c70 elementor-widget elementor-widget-heading" data-id="6107c70" data-element_type="widget" data-e-type="widget" data-widget_type="heading.default">
				<div class="elementor-widget-container">
					<h2 class="elementor-heading-title elementor-size-default">Misiunea ALT-EDIC se concentrează pe următoarele cinci acțiuni:</h2>				</div>
				</div>
				<div class="elementor-element elementor-element-6b8ccd5c elementor-widget elementor-widget-apus_element_features_box" data-id="6b8ccd5c" data-element_type="widget" data-e-type="widget" data-widget_type="apus_element_features_box.default">
				<div class="elementor-widget-container">
					            <div class="widget-features-box  style2">
                                    <div class="slick-carousel" data-items="3" data-smallmedium="2" data-extrasmall="1" data-pagination="false" data-nav="true">
                                                    <div class="item">
                                <div class="item-inner">
                                    <div class="top-inner">
                                                                                <div class="features-box-image icon"><i class="fa fa-database"></i></div></div><div class="features-box-content"><h3 class="title">Acțiunea 1 - Date</h3><div class="description">ALT-EDIC va valorifica spațiul de date lingvistice și va reuni resursele lingvistice și multimodale existente din UE și din statele membre în toate limbile europene, naționale și regionale, inclusiv prin crearea de date strategice, cum ar fi pentru limbile cu puțini vorbitori (mai puțin de 10 milioane de vorbitori), în care există limitări inerente în ceea ce privește formarea de modele lingvistice mari (LLM).</div></div>
                                </div>
                            </div>
                                                    <div class="item">
                                <div class="item-inner">
                                    <div class="top-inner">
                                                                                <div class="features-box-image icon"><i class="fa fa-caret-right"></i></div></div><div class="features-box-content"><h3 class="title">Acțiunea 2 ? Modele existente</h3><div class="description">ALT-EDIC va crea un registru al modelelor lingvistice cu sursă deschisă existente pentru reutilizare de către actorii industriali și va elabora metode specifice de ajustare, în special pentru IMM-uri, și va oferi metodologii de evaluare, certificare și normalizare, cu un accent deosebit pe potențiala discriminare și părtinire introduse de modelele de prelucrare a limbajului natural (NLP).</div></div>
                                </div>
                            </div>
                                                    <div class="item">
                                <div class="item-inner">
                                    <div class="top-inner">
                                                                                <div class="features-box-image icon"><i class="ti-fullscreen"></i></div></div><div class="features-box-content"><h3 class="title">Acțiunea 3 ? Dezvoltarea modelelor</h3><div class="description">ALT-EDIC va acționa ca un fond comun de lansare, reunind resurse publice și private pentru a lansa și dezvolta noi proiecte de modele lingvistice de mari dimensiuni și modele de bază cu capacități multimodale, inclusiv prin asigurarea accesului la calculul european de înaltă performanță necesar.</div></div>
                                </div>
                            </div>
                                                    <div class="item">
                                <div class="item-inner">
                                    <div class="top-inner">
                                                                                <div class="features-box-image icon"><i class="ti-layout-list-thumb-alt"></i></div></div><div class="features-box-content"><h3 class="title">Acțiunea 4 ? Evaluare, certificare și normalizare</h3><div class="description">ALT-EDIC va contribui la dezvoltarea metodologiilor de evaluare, cu un accent deosebit pe potențiala discriminare și părtinire introduse de modelele NLP, precum și pentru a oferi sprijin specific instituțiilor pentru a investi în tehnologiile limbajului.</div></div>
                                </div>
                            </div>
                                                    <div class="item">
                                <div class="item-inner">
                                    <div class="top-inner">
                                                                                <div class="features-box-image icon"><i class="fa fa-link"></i></div></div><div class="features-box-content"><h3 class="title">Acțiunea 5 - Ecosistemul</h3><div class="description">ALT-EDIC va acționa ca punct consultativ pentru administrațiile publice, precum și pentru a ajunge la public printr-un program cultural bazat pe inteligența artificială pentru limbi și pentru a permite utilizatorilor finali ai tehnologiei limbajului, care sunt și producători de date, să abordeze provocările inteligenței artificiale și ale tehnologiilor lingvistice într-un context multilingv și să contribuie la iluminarea cetățenilor europeni cu privire la chestiunea inteligenței artificiale.</div></div>
                                </div>
                            </div>
                                            </div>
                            </div>
            				</div>
				</div>
					</div>
		</div>
					</div>
		</section>
				</div>

<p>Alianța pentru Tehnologii Lingvistice (ALT-EDIC) este un consorțiu pentru o infrastructură digitală europeană care sprijină dezvoltarea tehnologiilor lingvistice. Promovează excelența în tehnologiile lingvistice și contribuie la conservarea diversității lingvistice și a bogăției culturale a Europei. Acesta a fost propus de 10 state membre în decembrie 2023 și creat oficial de o Comisie […]</p>
