{"id":8735,"date":"2024-08-19T13:30:19","date_gmt":"2024-08-19T13:30:19","guid":{"rendered":"https:\/\/alt-edic.eu\/?page_id=8735"},"modified":"2026-04-10T17:00:24","modified_gmt":"2026-04-10T16:00:24","slug":"about-us","status":"publish","type":"page","link":"http:\/\/www.alt-edic.eu\/et\/about-us\/","title":{"rendered":"<p>Meie kohta<\/p>"},"content":{"rendered":"<div data-elementor-type=\"wp-page\" data-elementor-id=\"8735\" class=\"elementor elementor-8735\" data-elementor-post-type=\"page\">\n\t\t\t\t\t\t<section class=\"elementor-section elementor-top-section elementor-element elementor-element-2c377f48 elementor-section-stretched elementor-section-boxed elementor-section-height-default elementor-section-height-default\" data-id=\"2c377f48\" data-element_type=\"section\" data-e-type=\"section\" data-settings='{\"stretch_section\":\"section-stretched\",\"background_background\":\"gradient\"}'>\n\t\t\t\t\t\t<div class=\"elementor-container elementor-column-gap-extended\">\n\t\t\t\t\t<div class=\"elementor-column elementor-col-50 elementor-top-column elementor-element elementor-element-bf7721c\" data-id=\"bf7721c\" data-element_type=\"column\" data-e-type=\"column\">\n\t\t\t<div class=\"elementor-widget-wrap elementor-element-populated\">\n\t\t\t\t\t\t<div class=\"elementor-element elementor-element-d07f81e elementor-widget elementor-widget-heading\" data-id=\"d07f81e\" data-element_type=\"widget\" data-e-type=\"widget\" data-widget_type=\"heading.default\">\n\t\t\t\t<div class=\"elementor-widget-container\">\n\t\t\t\t\t<h1 class=\"elementor-heading-title elementor-size-default\">Teave ALT-EDICi kohta<\/h1>\t\t\t\t<\/div>\n\t\t\t\t<\/div>\n\t\t\t\t<div class=\"elementor-element elementor-element-24e9f9f3 elementor-widget elementor-widget-text-editor\" data-id=\"24e9f9f3\" data-element_type=\"widget\" data-e-type=\"widget\" data-widget_type=\"text-editor.default\">\n\t\t\t\t<div class=\"elementor-widget-container\">\n\t\t\t\t\t\t\t\t\t<p>Keeletehnoloogia Liit (ALT-EDIC) on <strong><span style=\"text-decoration: underline; color: #ffffff;\"><a style=\"color: #ffffff; text-decoration: underline;\" href=\"https:\/\/digital-strategy.ec.europa.eu\/en\/policies\/edic\">Euroopa digitaristu konsortsium<\/a><\/span><\/strong> keeletehnoloogia arendamise toetamine. See edendab keeletehnoloogia tipptaset ning aitab s\u00e4ilitada Euroopa keelelist mitmekesisust ja kultuurilist rikkust.<\/p><p>Selle ettepaneku esitasid 2023. aasta detsembris k\u00fcmme liikmesriiki ja selle on ametlikult loonud<strong> <span style=\"text-decoration: underline;\"><span style=\"color: #ffffff;\"><a style=\"color: #ffffff; text-decoration: underline;\" href=\"https:\/\/eur-lex.europa.eu\/eli\/dec_impl\/2024\/458\/oj\">Komisjoni otsus<\/a><\/span><\/span> <\/strong>2024. aasta veebruaris. Praegu on sellel 27 liiget ja vaatlejat. Seda koordineerib Prantsusmaa ja selle p\u00f5hikirjaj\u00e4rgne asukoht on <em>Ch\u00e2teau de Villers-Cotter\u00eats<\/em>.<\/p><p>Alla saab laadida esitluse, mis annab \u00fclevaate ALT-EDICist&nbsp;<u><b><a href=\"https:\/\/www.alt-edic.eu\/wp-content\/uploads\/2026\/03\/ALT-EDIC_presentation_20260307.pdf\">siin<\/a><\/b><\/u><b>.<\/b>&nbsp;<\/p>\t\t\t\t\t\t\t\t<\/div>\n\t\t\t\t<\/div>\n\t\t\t\t\t<\/div>\n\t\t<\/div>\n\t\t\t\t<div class=\"elementor-column elementor-col-50 elementor-top-column elementor-element elementor-element-17328b68 elementor-hidden-tablet elementor-hidden-phone\" data-id=\"17328b68\" data-element_type=\"column\" data-e-type=\"column\">\n\t\t\t<div class=\"elementor-widget-wrap\">\n\t\t\t\t\t\t\t<\/div>\n\t\t<\/div>\n\t\t\t\t\t<\/div>\n\t\t<\/section>\n\t\t\t\t<section class=\"elementor-section elementor-top-section elementor-element elementor-element-5084f662 elementor-section-stretched elementor-section-boxed elementor-section-height-default elementor-section-height-default\" data-id=\"5084f662\" data-element_type=\"section\" data-e-type=\"section\" data-settings='{\"stretch_section\":\"section-stretched\"}'>\n\t\t\t\t\t\t<div class=\"elementor-container elementor-column-gap-extended\">\n\t\t\t\t\t<div class=\"elementor-column elementor-col-50 elementor-top-column elementor-element elementor-element-21db52d3 elementor-hidden-tablet elementor-hidden-phone elementor-invisible\" data-id=\"21db52d3\" data-element_type=\"column\" data-e-type=\"column\" data-settings='{\"animation\":\"slide-right\"}'>\n\t\t\t<div class=\"elementor-widget-wrap elementor-element-populated\">\n\t\t\t\t\t\t<div class=\"elementor-element elementor-element-4ef5943 elementor-widget elementor-widget-html\" data-id=\"4ef5943\" data-element_type=\"widget\" data-e-type=\"widget\" data-widget_type=\"html.default\">\n\t\t\t\t<div class=\"elementor-widget-container\">\n\t\t\t\t\t<object data=\"https:\/\/www.alt-edic.eu\/wp-content\/uploads\/2026\/04\/ALT-EDIC-Flyer-v1-A4.pdf\" type=\"application\/pdf\" width=\"720px\" height=\"680px\"> <\/object>\t\t\t\t<\/div>\n\t\t\t\t<\/div>\n\t\t\t\t\t<\/div>\n\t\t<\/div>\n\t\t\t\t<div class=\"elementor-column elementor-col-50 elementor-top-column elementor-element elementor-element-5f3d7e93 elementor-invisible\" data-id=\"5f3d7e93\" data-element_type=\"column\" data-e-type=\"column\" data-settings='{\"animation\":\"slide-left\",\"animation_delay\":200}'>\n\t\t\t<div class=\"elementor-widget-wrap elementor-element-populated\">\n\t\t\t\t\t\t<div class=\"elementor-element elementor-element-6f5ba8cd elementor-widget elementor-widget-heading\" data-id=\"6f5ba8cd\" data-element_type=\"widget\" data-e-type=\"widget\" data-widget_type=\"heading.default\">\n\t\t\t\t<div class=\"elementor-widget-container\">\n\t\t\t\t\t<h2 class=\"elementor-heading-title elementor-size-default\">ALT-EDIC toetab keeletehnoloogia arendamist<\/h2>\t\t\t\t<\/div>\n\t\t\t\t<\/div>\n\t\t\t\t<div class=\"elementor-element elementor-element-525183b7 elementor-widget elementor-widget-text-editor\" data-id=\"525183b7\" data-element_type=\"widget\" data-e-type=\"widget\" data-widget_type=\"text-editor.default\">\n\t\t\t\t<div class=\"elementor-widget-container\">\n\t\t\t\t\t\t\t\t\t<p>Keeletehnoloogia liit tegeleb suurte keelemudelite koolitamiseks k\u00e4ttesaadavate Euroopa keeleandmete nappusega ja selliste mudelite v\u00f5rdlusuuringutega.<\/p><p>See toob kaasa t\u00e4iustatud tehisintellektilahendused, mis suudavad m\u00f5ista ja luua keelt, v\u00f5ttes arvesse Euroopa keelelist mitmekesisust ja kultuurilist rikkust.<\/p>\t\t\t\t\t\t\t\t<\/div>\n\t\t\t\t<\/div>\n\t\t\t\t\t<\/div>\n\t\t<\/div>\n\t\t\t\t\t<\/div>\n\t\t<\/section>\n\t\t\t\t<section class=\"elementor-section elementor-top-section elementor-element elementor-element-245ad23 elementor-section-stretched elementor-section-boxed elementor-section-height-default elementor-section-height-default elementor-invisible\" data-id=\"245ad23\" data-element_type=\"section\" data-e-type=\"section\" data-settings='{\"stretch_section\":\"section-stretched\",\"animation\":\"slide-up\"}'>\n\t\t\t\t\t\t<div class=\"elementor-container elementor-column-gap-extended\">\n\t\t\t\t\t<div class=\"elementor-column elementor-col-100 elementor-top-column elementor-element elementor-element-6381d6cd\" data-id=\"6381d6cd\" data-element_type=\"column\" data-e-type=\"column\">\n\t\t\t<div class=\"elementor-widget-wrap elementor-element-populated\">\n\t\t\t\t\t\t<div class=\"elementor-element elementor-element-6107c70 elementor-widget elementor-widget-heading\" data-id=\"6107c70\" data-element_type=\"widget\" data-e-type=\"widget\" data-widget_type=\"heading.default\">\n\t\t\t\t<div class=\"elementor-widget-container\">\n\t\t\t\t\t<h2 class=\"elementor-heading-title elementor-size-default\">ALT-EDICi missioon keskendub viiele j\u00e4rgmisele meetmele:<\/h2>\t\t\t\t<\/div>\n\t\t\t\t<\/div>\n\t\t\t\t<div class=\"elementor-element elementor-element-6b8ccd5c elementor-widget elementor-widget-apus_element_features_box\" data-id=\"6b8ccd5c\" data-element_type=\"widget\" data-e-type=\"widget\" data-widget_type=\"apus_element_features_box.default\">\n\t\t\t\t<div class=\"elementor-widget-container\">\n\t\t\t\t\t            <div class=\"widget-features-box  style2\">\n                                    <div class=\"slick-carousel\" data-items=\"3\" data-smallmedium=\"2\" data-extrasmall=\"1\" data-pagination=\"false\" data-nav=\"true\">\n                                                    <div class=\"item\">\n                                <div class=\"item-inner\">\n                                    <div class=\"top-inner\">\n                                                                                <div class=\"features-box-image icon\"><i class=\"fa fa-database\"><\/i><\/div><\/div><div class=\"features-box-content\"><h3 class=\"title\">Meede 1 \u2013 andmed<\/h3><div class=\"description\">ALT-EDIC kasutab keeleandmeruumi ning \u00fchendab ELi ja liikmesriikide olemasolevad keele- ja mitmeliigilised ressursid k\u00f5igis Euroopa, riiklikes ja piirkondlikes keeltes, sealhulgas strateegiliste andmete loomise kaudu, n\u00e4iteks v\u00e4hese k\u00f5nelejaga (v\u00e4hem kui 10 miljonit k\u00f5nelejat) keelte kohta, milles suurte keelemudelite koolitusel on olemuslikud piirangud.<\/div><\/div>\n                                <\/div>\n                            <\/div>\n                                                    <div class=\"item\">\n                                <div class=\"item-inner\">\n                                    <div class=\"top-inner\">\n                                                                                <div class=\"features-box-image icon\"><i class=\"fa fa-caret-right\"><\/i><\/div><\/div><div class=\"features-box-content\"><h3 class=\"title\">Meede 2 ? Olemasolevad mudelid<\/h3><div class=\"description\">ALT-EDIC loob olemasolevate avatud l\u00e4htekoodiga keelemudelite hoidla, mida t\u00f6\u00f6stuses osalejad saavad taaskasutada, ja t\u00f6\u00f6tab v\u00e4lja konkreetsed peenh\u00e4\u00e4lestusmeetodid, eelk\u00f5ige VKEde jaoks, ning pakub hindamis-, sertifitseerimis- ja normaliseerimismeetodeid, p\u00f6\u00f6rates erilist t\u00e4helepanu loomuliku keele t\u00f6\u00f6tluse mudelitest tulenevale v\u00f5imalikule diskrimineerimisele ja kallutatusele.<\/div><\/div>\n                                <\/div>\n                            <\/div>\n                                                    <div class=\"item\">\n                                <div class=\"item-inner\">\n                                    <div class=\"top-inner\">\n                                                                                <div class=\"features-box-image icon\"><i class=\"ti-fullscreen\"><\/i><\/div><\/div><div class=\"features-box-content\"><h3 class=\"title\">Meede 3 ? Mudelite v\u00e4ljat\u00f6\u00f6tamine<\/h3><div class=\"description\">ALT-EDIC toimib stardifondina, \u00fchendades avaliku ja erasektori vahendid, et k\u00e4ivitada ja arendada uusi suure keelemudeli projekte ja sihtmudeleid, millel on mitmeliigiline v\u00f5imekus, sealhulgas pakkudes juurdep\u00e4\u00e4su vajalikule Euroopa k\u00f5rgj\u00f5udlusega andmet\u00f6\u00f6tlusele.<\/div><\/div>\n                                <\/div>\n                            <\/div>\n                                                    <div class=\"item\">\n                                <div class=\"item-inner\">\n                                    <div class=\"top-inner\">\n                                                                                <div class=\"features-box-image icon\"><i class=\"ti-layout-list-thumb-alt\"><\/i><\/div><\/div><div class=\"features-box-content\"><h3 class=\"title\">Meede 4 ? Hindamine, sertifitseerimine ja normaliseerimine<\/h3><div class=\"description\">ALT-EDIC aitab kaasa hindamismeetodite v\u00e4ljat\u00f6\u00f6tamisele, p\u00f6\u00f6rates erilist t\u00e4helepanu riikliku elukestva \u00f5ppe programmi mudelitest tulenevale v\u00f5imalikule diskrimineerimisele ja kallutatusele, ning pakub sihtotstarbelist toetust asutustele, kes investeerivad pikaajalistesse tehnoloogiatesse.<\/div><\/div>\n                                <\/div>\n                            <\/div>\n                                                    <div class=\"item\">\n                                <div class=\"item-inner\">\n                                    <div class=\"top-inner\">\n                                                                                <div class=\"features-box-image icon\"><i class=\"fa fa-link\"><\/i><\/div><\/div><div class=\"features-box-content\"><h3 class=\"title\">Meede 5 \u2013 \u00f6kos\u00fcsteem<\/h3><div class=\"description\">ALT-EDIC toimib n\u00f5uandepunktina haldusasutustele ja j\u00f5uab \u00fcldsuseni kultuuriprogrammi kaudu, mis p\u00f5hineb tehisintellektil keelte jaoks ja v\u00f5imaldab keeletehnoloogia l\u00f5ppkasutajatel, kes on ka andmetootjad, tegeleda tehisintellekti ja keeletehnoloogia probleemidega mitmekeelses kontekstis ning aidata kaasa Euroopa kodanike valgustamisele tehisintellekti k\u00fcsimuses.<\/div><\/div>\n                                <\/div>\n                            <\/div>\n                                            <\/div>\n                            <\/div>\n            \t\t\t\t<\/div>\n\t\t\t\t<\/div>\n\t\t\t\t\t<\/div>\n\t\t<\/div>\n\t\t\t\t\t<\/div>\n\t\t<\/section>\n\t\t\t\t<\/div>","protected":false},"excerpt":{"rendered":"<p>ALT-EDICi kohta Keeletehnoloogia Liit (ALT-EDIC) on Euroopa digitaristu konsortsium, mis toetab keeletehnoloogia arendamist. See edendab keeletehnoloogia tipptaset ning aitab s\u00e4ilitada Euroopa keelelist mitmekesisust ja kultuurilist rikkust. K\u00fcmme liikmesriiki esitasid selle ettepaneku 2023. aasta detsembris ja komisjon [\u2026] l\u00f5i selle ametlikult.<\/p>","protected":false},"author":1,"featured_media":0,"parent":0,"menu_order":0,"comment_status":"closed","ping_status":"closed","template":"","meta":{"footnotes":""},"class_list":["post-8735","page","type-page","status-publish","hentry"],"aioseo_notices":[],"_links":{"self":[{"href":"http:\/\/www.alt-edic.eu\/et\/wp-json\/wp\/v2\/pages\/8735","targetHints":{"allow":["GET"]}}],"collection":[{"href":"http:\/\/www.alt-edic.eu\/et\/wp-json\/wp\/v2\/pages"}],"about":[{"href":"http:\/\/www.alt-edic.eu\/et\/wp-json\/wp\/v2\/types\/page"}],"author":[{"embeddable":true,"href":"http:\/\/www.alt-edic.eu\/et\/wp-json\/wp\/v2\/users\/1"}],"replies":[{"embeddable":true,"href":"http:\/\/www.alt-edic.eu\/et\/wp-json\/wp\/v2\/comments?post=8735"}],"version-history":[{"count":16,"href":"http:\/\/www.alt-edic.eu\/et\/wp-json\/wp\/v2\/pages\/8735\/revisions"}],"predecessor-version":[{"id":11353,"href":"http:\/\/www.alt-edic.eu\/et\/wp-json\/wp\/v2\/pages\/8735\/revisions\/11353"}],"wp:attachment":[{"href":"http:\/\/www.alt-edic.eu\/et\/wp-json\/wp\/v2\/media?parent=8735"}],"curies":[{"name":"wp","href":"https:\/\/api.w.org\/{rel}","templated":true}]}}

<div data-elementor-type="wp-page" data-elementor-id="8735" class="elementor elementor-8735" data-elementor-post-type="page">
						<section class="elementor-section elementor-top-section elementor-element elementor-element-2c377f48 elementor-section-stretched elementor-section-boxed elementor-section-height-default elementor-section-height-default" data-id="2c377f48" data-element_type="section" data-e-type="section" data-settings='{"stretch_section":"section-stretched","background_background":"gradient"}'>
						<div class="elementor-container elementor-column-gap-extended">
					<div class="elementor-column elementor-col-50 elementor-top-column elementor-element elementor-element-bf7721c" data-id="bf7721c" data-element_type="column" data-e-type="column">
			<div class="elementor-widget-wrap elementor-element-populated">
						<div class="elementor-element elementor-element-d07f81e elementor-widget elementor-widget-heading" data-id="d07f81e" data-element_type="widget" data-e-type="widget" data-widget_type="heading.default">
				<div class="elementor-widget-container">
					<h1 class="elementor-heading-title elementor-size-default">Teave ALT-EDICi kohta</h1>				</div>
				</div>
				<div class="elementor-element elementor-element-24e9f9f3 elementor-widget elementor-widget-text-editor" data-id="24e9f9f3" data-element_type="widget" data-e-type="widget" data-widget_type="text-editor.default">
				<div class="elementor-widget-container">
									<p>Keeletehnoloogia Liit (ALT-EDIC) on <strong><span style="text-decoration: underline; color: #ffffff;"><a style="color: #ffffff; text-decoration: underline;" href="https://digital-strategy.ec.europa.eu/en/policies/edic">Euroopa digitaristu konsortsium</a></span></strong> keeletehnoloogia arendamise toetamine. See edendab keeletehnoloogia tipptaset ning aitab säilitada Euroopa keelelist mitmekesisust ja kultuurilist rikkust.</p><p>Selle ettepaneku esitasid 2023. aasta detsembris kümme liikmesriiki ja selle on ametlikult loonud<strong> <span style="text-decoration: underline;"><span style="color: #ffffff;"><a style="color: #ffffff; text-decoration: underline;" href="https://eur-lex.europa.eu/eli/dec_impl/2024/458/oj">Komisjoni otsus</a></span></span> </strong>2024. aasta veebruaris. Praegu on sellel 27 liiget ja vaatlejat. Seda koordineerib Prantsusmaa ja selle põhikirjajärgne asukoht on <em>Château de Villers-Cotterêts</em>.</p><p>Alla saab laadida esitluse, mis annab ülevaate ALT-EDICist&nbsp;<u><b><a href="https://www.alt-edic.eu/wp-content/uploads/2026/03/ALT-EDIC_presentation_20260307.pdf">siin</a></b></u><b>.</b>&nbsp;</p>								</div>
				</div>
					</div>
		</div>
				<div class="elementor-column elementor-col-50 elementor-top-column elementor-element elementor-element-17328b68 elementor-hidden-tablet elementor-hidden-phone" data-id="17328b68" data-element_type="column" data-e-type="column">
			<div class="elementor-widget-wrap">
							</div>
		</div>
					</div>
		</section>
				<section class="elementor-section elementor-top-section elementor-element elementor-element-5084f662 elementor-section-stretched elementor-section-boxed elementor-section-height-default elementor-section-height-default" data-id="5084f662" data-element_type="section" data-e-type="section" data-settings='{"stretch_section":"section-stretched"}'>
						<div class="elementor-container elementor-column-gap-extended">
					<div class="elementor-column elementor-col-50 elementor-top-column elementor-element elementor-element-21db52d3 elementor-hidden-tablet elementor-hidden-phone elementor-invisible" data-id="21db52d3" data-element_type="column" data-e-type="column" data-settings='{"animation":"slide-right"}'>
			<div class="elementor-widget-wrap elementor-element-populated">
						<div class="elementor-element elementor-element-4ef5943 elementor-widget elementor-widget-html" data-id="4ef5943" data-element_type="widget" data-e-type="widget" data-widget_type="html.default">
				<div class="elementor-widget-container">
					<object data="https://www.alt-edic.eu/wp-content/uploads/2026/04/ALT-EDIC-Flyer-v1-A4.pdf" type="application/pdf" width="720px" height="680px"> </object>				</div>
				</div>
					</div>
		</div>
				<div class="elementor-column elementor-col-50 elementor-top-column elementor-element elementor-element-5f3d7e93 elementor-invisible" data-id="5f3d7e93" data-element_type="column" data-e-type="column" data-settings='{"animation":"slide-left","animation_delay":200}'>
			<div class="elementor-widget-wrap elementor-element-populated">
						<div class="elementor-element elementor-element-6f5ba8cd elementor-widget elementor-widget-heading" data-id="6f5ba8cd" data-element_type="widget" data-e-type="widget" data-widget_type="heading.default">
				<div class="elementor-widget-container">
					<h2 class="elementor-heading-title elementor-size-default">ALT-EDIC toetab keeletehnoloogia arendamist</h2>				</div>
				</div>
				<div class="elementor-element elementor-element-525183b7 elementor-widget elementor-widget-text-editor" data-id="525183b7" data-element_type="widget" data-e-type="widget" data-widget_type="text-editor.default">
				<div class="elementor-widget-container">
									<p>Keeletehnoloogia liit tegeleb suurte keelemudelite koolitamiseks kättesaadavate Euroopa keeleandmete nappusega ja selliste mudelite võrdlusuuringutega.</p><p>See toob kaasa täiustatud tehisintellektilahendused, mis suudavad mõista ja luua keelt, võttes arvesse Euroopa keelelist mitmekesisust ja kultuurilist rikkust.</p>								</div>
				</div>
					</div>
		</div>
					</div>
		</section>
				<section class="elementor-section elementor-top-section elementor-element elementor-element-245ad23 elementor-section-stretched elementor-section-boxed elementor-section-height-default elementor-section-height-default elementor-invisible" data-id="245ad23" data-element_type="section" data-e-type="section" data-settings='{"stretch_section":"section-stretched","animation":"slide-up"}'>
						<div class="elementor-container elementor-column-gap-extended">
					<div class="elementor-column elementor-col-100 elementor-top-column elementor-element elementor-element-6381d6cd" data-id="6381d6cd" data-element_type="column" data-e-type="column">
			<div class="elementor-widget-wrap elementor-element-populated">
						<div class="elementor-element elementor-element-6107c70 elementor-widget elementor-widget-heading" data-id="6107c70" data-element_type="widget" data-e-type="widget" data-widget_type="heading.default">
				<div class="elementor-widget-container">
					<h2 class="elementor-heading-title elementor-size-default">ALT-EDICi missioon keskendub viiele järgmisele meetmele:</h2>				</div>
				</div>
				<div class="elementor-element elementor-element-6b8ccd5c elementor-widget elementor-widget-apus_element_features_box" data-id="6b8ccd5c" data-element_type="widget" data-e-type="widget" data-widget_type="apus_element_features_box.default">
				<div class="elementor-widget-container">
					            <div class="widget-features-box  style2">
                                    <div class="slick-carousel" data-items="3" data-smallmedium="2" data-extrasmall="1" data-pagination="false" data-nav="true">
                                                    <div class="item">
                                <div class="item-inner">
                                    <div class="top-inner">
                                                                                <div class="features-box-image icon"><i class="fa fa-database"></i></div></div><div class="features-box-content"><h3 class="title">Meede 1 – andmed</h3><div class="description">ALT-EDIC kasutab keeleandmeruumi ning ühendab ELi ja liikmesriikide olemasolevad keele- ja mitmeliigilised ressursid kõigis Euroopa, riiklikes ja piirkondlikes keeltes, sealhulgas strateegiliste andmete loomise kaudu, näiteks vähese kõnelejaga (vähem kui 10 miljonit kõnelejat) keelte kohta, milles suurte keelemudelite koolitusel on olemuslikud piirangud.</div></div>
                                </div>
                            </div>
                                                    <div class="item">
                                <div class="item-inner">
                                    <div class="top-inner">
                                                                                <div class="features-box-image icon"><i class="fa fa-caret-right"></i></div></div><div class="features-box-content"><h3 class="title">Meede 2 ? Olemasolevad mudelid</h3><div class="description">ALT-EDIC loob olemasolevate avatud lähtekoodiga keelemudelite hoidla, mida tööstuses osalejad saavad taaskasutada, ja töötab välja konkreetsed peenhäälestusmeetodid, eelkõige VKEde jaoks, ning pakub hindamis-, sertifitseerimis- ja normaliseerimismeetodeid, pöörates erilist tähelepanu loomuliku keele töötluse mudelitest tulenevale võimalikule diskrimineerimisele ja kallutatusele.</div></div>
                                </div>
                            </div>
                                                    <div class="item">
                                <div class="item-inner">
                                    <div class="top-inner">
                                                                                <div class="features-box-image icon"><i class="ti-fullscreen"></i></div></div><div class="features-box-content"><h3 class="title">Meede 3 ? Mudelite väljatöötamine</h3><div class="description">ALT-EDIC toimib stardifondina, ühendades avaliku ja erasektori vahendid, et käivitada ja arendada uusi suure keelemudeli projekte ja sihtmudeleid, millel on mitmeliigiline võimekus, sealhulgas pakkudes juurdepääsu vajalikule Euroopa kõrgjõudlusega andmetöötlusele.</div></div>
                                </div>
                            </div>
                                                    <div class="item">
                                <div class="item-inner">
                                    <div class="top-inner">
                                                                                <div class="features-box-image icon"><i class="ti-layout-list-thumb-alt"></i></div></div><div class="features-box-content"><h3 class="title">Meede 4 ? Hindamine, sertifitseerimine ja normaliseerimine</h3><div class="description">ALT-EDIC aitab kaasa hindamismeetodite väljatöötamisele, pöörates erilist tähelepanu riikliku elukestva õppe programmi mudelitest tulenevale võimalikule diskrimineerimisele ja kallutatusele, ning pakub sihtotstarbelist toetust asutustele, kes investeerivad pikaajalistesse tehnoloogiatesse.</div></div>
                                </div>
                            </div>
                                                    <div class="item">
                                <div class="item-inner">
                                    <div class="top-inner">
                                                                                <div class="features-box-image icon"><i class="fa fa-link"></i></div></div><div class="features-box-content"><h3 class="title">Meede 5 – ökosüsteem</h3><div class="description">ALT-EDIC toimib nõuandepunktina haldusasutustele ja jõuab üldsuseni kultuuriprogrammi kaudu, mis põhineb tehisintellektil keelte jaoks ja võimaldab keeletehnoloogia lõppkasutajatel, kes on ka andmetootjad, tegeleda tehisintellekti ja keeletehnoloogia probleemidega mitmekeelses kontekstis ning aidata kaasa Euroopa kodanike valgustamisele tehisintellekti küsimuses.</div></div>
                                </div>
                            </div>
                                            </div>
                            </div>
            				</div>
				</div>
					</div>
		</div>
					</div>
		</section>
				</div>

<p>ALT-EDICi kohta Keeletehnoloogia Liit (ALT-EDIC) on Euroopa digitaristu konsortsium, mis toetab keeletehnoloogia arendamist. See edendab keeletehnoloogia tipptaset ning aitab säilitada Euroopa keelelist mitmekesisust ja kultuurilist rikkust. Kümme liikmesriiki esitasid selle ettepaneku 2023. aasta detsembris ja komisjon […] lõi selle ametlikult.</p>
